 -3*r + 75, -f - 2 = -3*y. What is the units digit of r?
4
Suppose 2*r = -14 - 0. What is the units digit of (-5 - r/2)/(3/(-56))?
8
Let u(j) = 15*j**2 + 23*j - 99. What is the units digit of u(-16)?
3
Let n = -104 + 67. Let t = -25 - n. What is the tens digit of t?
1
Suppose 4*o + 2*m - 16 = 0, 2*o - 2*m = 4 - 2. Let v be 95 - (-5 - (-3)/o). Suppose 2*x - v = 5*p, -2*p + 215 - 76 = 3*x. What is the units digit of x?
7
Suppose 0 = -4*t + 4*m + 32, 0 = 2*t - 0*t - 3*m - 17. Let l(h) = -h**3 + 9*h**2 - 4*h - 10. What is the tens digit of l(t)?
6
What is the hundreds digit of 2358*(8 - 92/12)?
7
Suppose 0 = -33*n + 28*n + 1760. What is the tens digit of n?
5
Suppose 3*t - 9 = 2*t. Suppose 6*k + 45 = t*k. What is the units digit of k?
5
Suppose -14*n = 3*p - 13*n - 760, 0 = -2*p - 5*n + 511. What is the tens digit of p?
5
Let j be (10/25)/((-1)/(-105)). Let r = 121 - j. What is the tens digit of r?
7
Let d(b) = -92*b + 30. What is the tens digit of d(-4)?
9
Let w be (2/8)/(((-2)/(-2))/6404). Suppose r - 4*l - 264 = 0, -5*r - 391 = 2*l - w. What is the tens digit of r?
4
Let n(t) = -t**3 + 10*t**2 - 10*t - 6. Let u(q) = 2*q + 12. Let k be u(-4). Suppose k*b = 5 + 27. What is the units digit of n(b)?
2
Suppose 0 = -3*h - 49*t + 44*t + 9075, 3042 = h - 4*t. What is the units digit of h?
0
Suppose -3*i = -3*m + 4587, -2*m = -m - 4*i - 1526. What is the units digit of m?
0
Suppose 5*d + s + 2*s = -2, -5*s - 20 = 0. Suppose -2*c = -0*c - v - 103, -d*v = -5*c + 257. What is the units digit of c?
1
Let c = 122 - 113. Suppose -c*k + 1034 = -757. What is the hundreds digit of k?
1
Suppose -5*m - 5 = -5*w, 2*w + 2*m = 7*w - 8. Suppose w*d = 9 + 65. Suppose -d = 3*y - 4*y. What is the tens digit of y?
3
Suppose 0 = -4*k - 3*q + 19, 24 = 2*k + k - q. Suppose 5*n = k*n. Suppose n = -y - a + 22, -a - 64 = -3*y - 6*a. What is the tens digit of y?
2
Let c be 6 + -4 + -1 - -3. Suppose -5*w + 65 = 5*q, c*w - q - 2*q = 38. What is the tens digit of w?
1
Let x(o) = o**2 + 5*o - 7. Let v be x(-6). What is the units digit of v*(0 - 2) + 50?
2
Suppose 10*g - 58883 = -20703. What is the units digit of g?
8
Suppose -5*v + y = 67, -4*y + 6 = 18. What is the units digit of ((-1)/(-4))/(v/(-3752))?
7
Let g(c) = -c**3 - 8*c**2 - 15*c - 9. Let u be g(-6). Suppose -4*l + 172 = -5*o - u, 0 = 5*o - 15. What is the units digit of l?
9
Suppose 23*l + 886 = 2588. What is the units digit of l?
4
Let t(u) = u**3 - 10*u**2 + 9*u - 6. Let x be t(9). Let w = -26 - x. What is the units digit of (186/15)/((-4)/w)?
2
Suppose -6*j = 9*j - 5760. What is the hundreds digit of j?
3
Suppose -39 + 33 = y + j, -3 = 4*y - 3*j. Suppose 0 = 3*h + 45 - 177. Let s = h - y. What is the tens digit of s?
4
Suppose 0 = -2*d + 2*m + 1400, 9*m - 8*m = 4*d - 2785. What is the units digit of d?
5
Let a(q) = -3*q + 5*q - 4 + 6*q. What is the units digit of a(4)?
8
Let w(z) = -z**3 + 61*z**2 + 82*z - 55. What is the hundreds digit of w(62)?
1
Let r(s) = -s**2 - 5*s - 1. Let d be r(-3). Let q = d - -24. What is the units digit of q?
9
Let k(g) be the first derivative of g**3/6 + 20*g**2 - 12*g + 5. Let z(f) be the first derivative of k(f). What is the units digit of z(0)?
0
Suppose 1 = -2*s + 5. Suppose -o = -s - 1. Suppose -o*j + 0*j + 90 = 0. What is the units digit of j?
0
Let j be 24/(-56) + 34/14. Let h(m) = -3*m**2 + m**2 - 7*m**3 + 1 + m + 8*m**3. What is the units digit of h(j)?
3
Let m(y) = -8*y**2 + 2*y + 1. Let l be m(-1). Let a = -1 - l. Let x(r) = -r**2 + 11*r - 5. What is the tens digit of x(a)?
1
Suppose -4*m - 34 = s, -m = 4*s + 9 + 7. Suppose z - 63 = 3*r - 2*z, -4*r = -z + 99. Let y = m - r. What is the tens digit of y?
1
Let i(w) = 3*w**3 - w. Let o be i(1). Let h(a) = 4*a**2 - 4 - 9*a + 2*a**o + a**3 + 0*a**2. What is the tens digit of h(-7)?
1
Let u = 54 + 234. Suppose h = -5*l + u, l - 72 = -3*h - 2*h. What is the units digit of l?
7
Let a(c) = -100*c - 49. What is the units digit of a(-3)?
1
Let g be ((-10)/25)/((-3)/75). Let w be (24/g)/((-6)/(-15)). Let v(l) = 2*l + 14. What is the units digit of v(w)?
6
Suppose 20*z - 6605 + 1465 = 0. What is the units digit of z?
7
Let r(t) = 3*t**2 + 6*t + 7. Let o be r(-3). Suppose o*s = 19*s - 345. Let d = s + -80. What is the units digit of d?
5
Suppose -k = -4*q + 12, 6*q - 3*q + 2*k + 2 = 0. Suppose -4*p = -10 + q. Suppose -6*t + 104 = -p*t. What is the units digit of t?
6
Let s(a) = a**3 - 12*a**2 - 6*a - 16. Let p be s(14). Suppose -60*w = -58*w - p. What is the hundreds digit of w?
1
Suppose 3*u = c - 31, -c = -8*u + 10*u - 11. Let a(g) = -g**2 + 6*g - 5. Let m be a(4). Let b = c + m. What is the tens digit of b?
2
Let g be 2/5 + 92/20. Suppose 2*t = 2*w + 4*t - 148, g*w - 335 = 2*t. What is the units digit of w?
9
What is the hundreds digit of 2/2 - ((-13)/13 + -4415)?
4
Let f be 4/(-32) - (-7)/((-224)/60). What is the tens digit of 143 + 1*(f + 0)?
4
Let g = 13 + -9. Suppose -g*a = -5*a + 4. Suppose -5*p + q = -116, -p + 5*q + 100 = a*p. What is the tens digit of p?
2
Suppose -2*o + 131 = 6*z - 11*z, -o = z - 48. Suppose 3*y = o + 7. What is the units digit of ((-15)/(-12))/5*y?
5
Suppose -9 = -r - 0. Let l be (-3 - r/(-5))*-15. Let a = -5 + l. What is the units digit of a?
3
Let g(m) = -2*m + 11. Let p be g(5). Let q = p - -1. Suppose q*n - 52 = -5*h + 4*n, -2*n = h - 20. What is the units digit of h?
2
What is the tens digit of (-1)/(-3) + 0 - (-698)/3?
3
Let o be (9/4)/(24/128). Suppose -5*a - 20 = 4*q, 2*q + o - 2 = 2*a. Suppose 0 = n - 2 - a. What is the units digit of n?
2
Let w be -39*(0 + (-2)/3). Let d = -21 + w. Suppose -p + k - 3*k + 25 = 0, -2*k - 137 = -d*p. What is the units digit of p?
7
Suppose 12 = -18*z + 19*z. Let c be (-2)/(-4) + 138/z. What is the units digit of 412/c - 4/(-6)?
5
Let o = -270 + 390. Let h = o - 92. What is the tens digit of h?
2
Let a(l) = -74*l**3 - 4*l**2 - 3*l + 2. What is the units digit of a(-2)?
4
What is the tens digit of -1*1*3 + (-6636)/(-158)?
3
Suppose -3*b = i - b - 350, 5*i - 1786 = 2*b. Suppose 0 = -8*l - i + 1956. What is the tens digit of l?
0
Let n = -198 - -225. What is the tens digit of n?
2
Let j(n) = -13*n + 34. Suppose 3*z - 2*z + 12 = 0. What is the tens digit of j(z)?
9
Suppose -2*t = -2*x - 0*t + 1200, -2*x + 1201 = -3*t. What is the units digit of x?
9
Let q = 2401 + -1573. What is the hundreds digit of q?
8
Suppose -10*c = -3479 - 4251. What is the tens digit of c?
7
What is the tens digit of 281 - (-1 + 10 + -8)?
8
Let o(z) = -z**3 - 7*z**2 - 4*z. Let p be o(-6). Let j be ((-21)/4)/7*p. Suppose j*u = 5*u + 92. What is the tens digit of u?
2
What is the hundreds digit of (-1716)/(-9)*(-81)/(-18)?
8
Suppose 4*n = 19*f - 17*f - 1948, 3896 = 4*f - 5*n. What is the hundreds digit of f?
9
Suppose -4 = -6*j + 2*j. What is the tens digit of -4 - 113/(-1) - j?
0
Suppose 2*r + 5 = -3, -2*q = -5*r - 24. Suppose 5*m - i - 1035 = q*m, 0 = 3*i. What is the units digit of m?
5
Let o(j) = -j**2 + 18*j - 18. Let d = -45 - -59. What is the units digit of o(d)?
8
Let d(u) = u**3 - 4*u**2 + 20*u + 28. What is the hundreds digit of d(8)?
4
Suppose 0 = 5*h - 3*h. Suppose h = 3*f - 0*f + 9. Let t(b) = b**3 + 4*b**2 - 4*b + 4. What is the units digit of t(f)?
5
Let s(t) be the second derivative of 4*t**2 + 2*t + 0 - 1/3*t**3. What is the units digit of s(-7)?
2
Let j(w) = -131*w + 143. What is the units digit of j(-10)?
3
Suppose -2856 = -2*d - 234. What is the hundreds digit of d?
3
Let c(x) = 40*x - 13. What is the units digit of c(20)?
7
Suppose 0*x - 3*x - 10 = -y, -10 = 5*x. Let c be 1*(-3)/((-6)/y). Suppose 4*o - 130 = -3*p + 2*p, -c*p + 128 = 4*o. What is the units digit of o?
3
Suppose -8*u - 754 + 2434 = 0. What is the tens digit of u?
1
Suppose x - 356 = -3*r, -r - 1159 - 252 = -4*x. What is the units digit of x?
3
What is the units digit of (-542555)/(-325) + (2/(-5) - 0)?
9
Let c = -706 - -833. What is the units digit of c?
7
Let j be 6/9 - 8/(-6). Suppose -q + 4*x = -j, 1 = -3*x - 2. What is the tens digit of -10*q/(20/35)?
3
Let u(x) = -x**2 + 10*x - 6. Let t(o) = 1. Let j(m) = 5*t(m) + u(m). Let p be j(7). Suppose -2*y - 18 + p = 0. What is the units digit of y?
1
Let b be (-2)/(-9) + (-48)/(-162)*6. Suppose -4*f + 421 = 133. Suppose -2*r - b*r = -f. What is the units digit of r?
8
